et v = 1275 + -1265. What is the remainder when o is divided by v?
7
Let r = 12 + 1028. Let z be -1 + -1 - r/(-8). Suppose -a + 24 - 68 = -2*o, 2*a = -5*o + z. What is the remainder when 70 is divided by o?
22
Let u(m) = m**2 - 26*m + 157. What is the remainder when 137 is divided by u(22)?
68
Suppose 0 = -983*n + 990*n - 28. What is the remainder when 177 is divided by n?
1
Suppose -2*d = -4*f + 10, d + 8 = -4*f - 3. Let o(b) = -b**2 - 10*b - 8. Calculate the remainder when o(d) is divided by 10.
3
Let x(i) = -40*i + 57. What is the remainder when x(-3) is divided by 18?
15
Let i(l) = -15*l - 417. What is the remainder when 104 is divided by i(-28)?
2
Let f = -6 + 6. Suppose -q - 4*t = -0*q - 59, 3*q - 5*t - 160 = f. Suppose 3*c + q - 268 = 0. Calculate the remainder when c is divided by 18.
17
Suppose 3*t + 4*j - j = 15, j - 14 = -4*t. Suppose -6 = -t*h + 15. Let m(l) = l**2 - l - 3. Calculate the remainder when m(-5) is divided by h.
6
Let d = 36 + -29. Suppose 349 = d*w - 15. Calculate the remainder when w is divided by 27.
25
Let g = 40 - 56. Let m(u) = u**3 + 16*u**2 + u + 24. What is the remainder when 13 is divided by m(g)?
5
Suppose a - 103 = -3*q, q - 5*a - 27 = 2. Suppose 5*b - 431 = -4*p + 91, 0 = -3*p + b + 401. Calculate the remainder when p is divided by q.
31
Let g be 5/(-5) + 3 + 3. Suppose -d = 4*h - 66, 6*h = -g*d + 2*h + 314. What is the remainder when d is divided by 16?
14
Let y = 4 + 0. Calculate the remainder when (-246)/(-10) - 14/(-35) is divided by ((-9)/y)/(11/(-44)).
7
Let t be 60/24*(12/10 - 0). Suppose -3*g - 7 - 12 = -2*z, t*g = -2*z - 11. Calculate the remainder when z is divided by 1.
0
Let y(x) = 118*x**2 + 1. Let b = 261 - 180. Let k = -51 + b. What is the remainder when y(1) is divided by k?
29
Let j = 710 + -1227. Let w = j + 734. What is the remainder when w is divided by 44?
41
Suppose -2*s - 8 = -3*b + b, 5*b - 16 = s. What is the remainder when (13/(-2))/(s/(-2)*-1) is divided by 3?
1
Suppose -10*p + 12*p - 282 = 0. Calculate the remainder when p is divided by 37.
30
Let l(a) = -a**3 + 11*a**2 + 24*a + 26. Let f be l(13). Let q(k) = -k**2 + k + 12. Calculate the remainder when 59 is divided by q(f).
11
Let z = -4948 - -4955. Suppose 0 = 4*f - 4 - 12. Let u(t) = t**3 - 5*t**2 + 5*t + 1. Calculate the remainder when z is divided by u(f).
2
Let p(j) = -19*j - 15. Suppose -4 = -x - x - 2*c, -5*x + 3*c + 42 = 0. What is the remainder when x is divided by p(-1)?
2
Let f = -30 - -37. Let u(v) = 80*v**2. Let x be u(-1). Let z = -48 + x. What is the remainder when z is divided by f?
4
Let w = -258 - -285. Calculate the remainder when 41 is divided by w.
14
Let t(m) = m**3 - 8*m**2 + 6*m + 10. Suppose 1 - 27 = -2*f. Suppose 0 = a + 12 - f. Calculate the remainder when t(7) is divided by a.
0
Let v(a) = 3*a - 2. Let q(n) = 35*n - 25. Let t(o) = -2*q(o) + 25*v(o). What is the remainder when 29 is divided by t(3)?
14
Let c = -31 + 99. Let x = 77 - c. What is the remainder when x is divided by 3?
0
Let t be -5*((-24)/20)/3. Suppose 0 = -2*a - 16 + t. Let o = a + 69. What is the remainder when o is divided by 16?
14
Suppose 2*m + 350 = 7*m. Suppose 5*x = 160 + m. Let i(j) = -j**2 - 34*j - 173. What is the remainder when x is divided by i(-7)?
14
What is the remainder when 133 is divided by -2 - (140/21)/((-4)/6)?
5
Suppose 1234 = 4*f - 2*k, 5*k - 1565 = -f - 4*f. What is the remainder when f is divided by 39?
37
Let s = -5 + 8. Suppose -21 = -s*n - 3. What is the remainder when (33 - 0)/(339/226) is divided by n?
4
Let s(c) = 5*c**2 + 16*c + 19. What is the remainder when s(-5) is divided by 20?
4
Suppose 5*w = 53 - 133. Let d be (-18)/((-1)/(-2) + -2). Let a = d - w. What is the remainder when a is divided by 15?
13
Suppose 0 = d - 211 + 102. Calculate the remainder when d is divided by 29.
22
Suppose b = -3*g - 2*b + 582, -g + 179 = -4*b. Calculate the remainder when g is divided by 107.
84
Let t = 18 - 12. Let w = -1 + t. Suppose 0*q = -4*j - 3*q + 33, -12 = -j + 3*q. What is the remainder when j is divided by w?
4
Suppose 4*i + g - 1404 = -4*g, 3*i = -5*g + 1053. Suppose i = 4*d - k, 213 = 5*d - 5*k - 237. What is the remainder when d is divided by 15?
12
Let i(a) = -a**3 + 5*a**2 + 2*a - 8. Let x be i(5). Suppose c + 5*l = 27, -x*c + 101 = c + 5*l. What is the remainder when c is divided by 10?
7
Let q(k) = k**3 + k - 1. Let g be q(0). Let m = 420 - 407. Calculate the remainder when -22*1*(0 + g) is divided by m.
9
Let q = -29 + 87. Suppose -r = -4*r + 18. What is the remainder when r/8 - q/(-8) is divided by 5?
3
Let j(i) = i**3 - 6*i**2 - 6*i. Let u be j(6). Let o = u - -41. What is the remainder when -1*29*(-1 + 0) is divided by o?
4
Let o(f) = -3*f + 6. Let u(m) = -2*m**2 - 8*m. Let v be u(-5). Calculate the remainder when o(v) is divided by 21.
15
Let j(d) = 19*d**2 - d. What is the remainder when 1066/10 + (-14)/(-35) is divided by j(1)?
17
Suppose 0 = -4*f - 0 + 12. Suppose 3*n + f*d = n + 14, d = 5*n - 1. What is the remainder when (-4)/(-3)*(n - -11) is divided by 6?
4
Suppose 6*r = 11*r - 40. Suppose 0 = -2*p - 0*p + r. Suppose w = -3*k + 4*w - 9, -5*k + 2*w = 0. What is the remainder when p is divided by k?
0
Calculate the remainder when 64/((-4)/(-4)) + 7 is divided by 43.
28
Let n = -181 + 219. Calculate the remainder when n is divided by 12.
2
Suppose 0 = 30*l - 10311 - 15489. Calculate the remainder when l is divided by 24.
20
Suppose 2*d - 8 = -2*a, 6*d = 2*d + 4*a + 24. Suppose -3*b - d*t = -219, t = -6 + 3. Calculate the remainder when b is divided by 21.
15
Suppose -216*k = -213*k - 159. What is the remainder when k is divided by 1 + 0 - -10 - 0?
9
Suppose 2*r - 158 = 3*k, -r + 178 = r + 2*k. Suppose 0 = -0*p - 5*p + r. What is the remainder when 7/((1 - -1)/14) is divided by p?
15
Suppose 0 = -5*p - 100 + 880. What is the remainder when p is divided by 41?
33
Let v = -270 + 313. Calculate the remainder when 599 is divided by v.
40
Let a = 132 + -123. Calculate the remainder when 123 is divided by a.
6
Suppose 700 = 2*n + 8*n. Calculate the remainder when 68 is divided by (n/(-42))/((-1)/15*1).
18
Suppose -133 = -11*u + 76. Suppose t - 2*m - u = 0, t + 4*m + 2 = -t. Calculate the remainder when 25 is divided by t.
7
Let x = 2334 + 804. Calculate the remainder when x is divided by 10.
8
Let w = -48 + 363. What is the remainder when w is divided by 80?
75
Let j(w) = -5*w**2 + 9*w + 16. Let q(k) = 9*k**2 - 19*k - 32. Let t(p) = 11*j(p) + 6*q(p). Calculate the remainder when t(-11) is divided by 8.
4
Suppose 3 = -48*b + 531. Let f(k) = 30*k**2 + k. Let c be f(1). Suppose -5*p + 127 - c = -3*s, p - 4*s = 9. What is the remainder when p is divided by b?
10
Let f(i) = -1 + i**2 - 4*i + 8 - 5. What is the remainder when 12 is divided by f(5)?
5
Let a = 54 + -51. Suppose -105 = -5*x + 5*k, 0 = -a*x - 5*k + 16 + 23. What is the remainder when 86 is divided by x?
14
Let n(d) = d + 5. Let h be n(0). Let u(o) = 3*o + 17. What is the remainder when u(h) is divided by 18?
14
Suppose 0 = 5*b - 4*s - 275, 5*b - 2*s - 76 = 189. Suppose -22 = -5*x + 3*x. What is the remainder when b is divided by x?
7
Suppose 0*c - 2*c + 6 = 0. Suppose 4*g = -3*i - i + 148, 0 = -c*i - 5*g + 101. Suppose i = 5*l - 18. Calculate the remainder when 35 is divided by l.
11
What is the remainder when 11/(33/106) - 1/3 is divided by 12?
11
Let v(c) = 3*c - 54. Let a be v(29). Suppose -3*g - 2*x + 55 = -7*x, -85 = -5*g + 5*x. Suppose -6*f + a + g = 0. What is the remainder when f is divided by 3?
2
Let p = 290 - 200. Let y = 104 - p. What is the remainder when 82 is divided by y?
12
Suppose 5*u - 83 = -3*a, 5*a + 2*u - 5*u = 127. What is the remainder when 99 is divided by a?
21
Let n = -32 - 1. Let t = 46 + n. What is the remainder when t is divided by 9?
4
Let n(s) = 59*s - 9. Suppose 0 = 5*q + 2*j - 20, 3*q = -0*j + 3*j - 9. Calculate the remainder when n(q) is divided by 16.
13
Let c(i) be the second derivative of i**3/3 + 11*i**2 - 26*i. What is the remainder when (-2)/(-6) + (-64)/(-6) is divided by c(-10)?
1
Let k = 10 - 14. Let y(d) = 3*d**2 - 14*d + 17. Let w(h) = -8*h**2 + 41*h - 50. Let z(q) = k*w(q) - 11*y(q). What is the remainder when 37 is divided by z(-10)?
11
Suppose 4*c + 2*v = 439 - 89, -90 = -c + 2*v. Calculate 